{"id":48,"date":"2018-09-15T17:33:42","date_gmt":"2018-09-15T17:33:42","guid":{"rendered":"http:\/\/test.anjoho.de\/?page_id=48"},"modified":"2025-01-13T08:47:53","modified_gmt":"2025-01-13T08:47:53","slug":"ueber-mich","status":"publish","type":"page","link":"https:\/\/schmetterlinge-im-kopf.net\/","title":{"rendered":""},"content":{"rendered":"\n<p class=\"has-text-align-center\"><span style=\"font-family: Times New Roman, Times; font-size: 24pt;\">Liebe Seniorinnen und Senioren, liebe Angeh\u00f6rige,<\/span><\/p>\n\n\n\n<p>&nbsp;<\/p>\n\n\n<div class=\"wp-block-image\">\n<figure class=\"aligncenter size-full is-resized\"><img loading=\"lazy\" decoding=\"async\" width=\"314\" height=\"395\" src=\"http:\/\/schmetterlinge-im-kopf.net\/wp-content\/uploads\/2025\/01\/Iris7.jpg\" alt=\"\" class=\"wp-image-774\" style=\"width:268px;height:auto\" srcset=\"https:\/\/schmetterlinge-im-kopf.net\/wp-content\/uploads\/2025\/01\/Iris7.jpg 314w, https:\/\/schmetterlinge-im-kopf.net\/wp-content\/uploads\/2025\/01\/Iris7-238x300.jpg 238w\" sizes=\"auto, (max-width: 314px) 100vw, 314px\" \/><\/figure><\/div>\n\n<p><\/p>\n<p><span style=\"color: #008080; font-family: Book Antiqua, Palatino; font-size: 14pt;\"><br \/>Moin,moin,<\/span><\/p>\n<p><span style=\"color: #008080; font-family: Book Antiqua, Palatino; font-size: 14pt;\"> <\/span><\/p>\n<p><span style=\"color: #008080; font-family: Book Antiqua, Palatino; font-size: 14pt;\"><br \/>mein Name ist Iris Junghans und ich bin freie Dozentin mit dem Hauptschwerpunkt Pflichtfortbildungen und Workshops f\u00fcr Betreuungs- und Pflegekr\u00e4fte, Gem\u00e4\u00df den \u201eRichtlinien nach \u00a7 53b SGB XI ehemals \u00a743b, zur Qualifikation und zu den Aufgaben von zus\u00e4tzlichen Betreuungskr\u00e4ften in station\u00e4ren Pflegeeinrichtungen.<\/span><\/p>\n<p><span style=\"color: #008080; font-family: Book Antiqua, Palatino; font-size: 14pt;\"> <\/span><\/p>\n<p><span style=\"color: #008080; font-family: Book Antiqua, Palatino; font-size: 14pt;\">Ich selber, habe eine Pflege- und Betreuungsausbildung und habe vor meiner Dozentent\u00e4tigkeit im Station\u00e4ren Bereich eigene Erfahrungen gesammelt und gebe diese in Theorie und Praxis an Betreuungskr\u00e4fte gern weiter.<\/span><\/p>\n<p><span style=\"color: #008080; font-family: Book Antiqua, Palatino; font-size: 14pt;\"> <\/span><\/p>\n<p><span style=\"color: #008080; font-family: Book Antiqua, Palatino; font-size: 14pt;\">Als selbstst\u00e4ndige Seniorenbetreuerin betreue ich zusammen mit den ambulanten Pflegediensten eigene Klienten, in Ihrem gewohnten Umfeld.<\/span><\/p>\n<p><span style=\"color: #008080; font-family: Book Antiqua, Palatino; font-size: 14pt;\"> <\/span><\/p>\n<p><span style=\"color: #008080; font-family: Book Antiqua, Palatino; font-size: 14pt;\">Absolvieren Sie Ihre j\u00e4hrlichen Pflichtfortbildungen doch einmal bei \u201eSchmetterlinge im Kopf-Seniorenbetreuung\u201c in Silberstedt in unserem Workshop-Atelier und w\u00e4hlen sich spannende Themen aus.<\/span><\/p>\n<p><span style=\"color: #008080; font-family: Book Antiqua, Palatino; font-size: 14pt;\"> <\/span><\/p>\n<p><span style=\"color: #008080; font-family: Book Antiqua, Palatino; font-size: 14pt;\">Das Ziel ist es, dass Sie Ihrer Arbeit als Betreuungskraft oder im Pflegeberuf in der Altenpflege gut und gern nachgehen zu k\u00f6nnen und wissenswertes immer wieder erg\u00e4nzt, gefestigt, reflektiert und erneuert wird.<\/span><\/p>\n<p><span style=\"color: #008080; font-family: Book Antiqua, Palatino; font-size: 14pt;\"> <\/span><\/p>\n<p><span style=\"color: #008080; font-family: Book Antiqua, Palatino; font-size: 14pt;\">Die Workshops finden in 24887 Silberstedt im Stapelholmer Weg 5 in kleinen Gruppen bis zu 10 Teilnehmern in unserem Workshop-Atelier statt. Dazu sp\u00e4ter mehr in der Rubrik Fortbildungstermine Workshops.<\/span><\/p>\n<p><span style=\"color: #008080; font-family: Book Antiqua, Palatino; font-size: 14pt;\"> <\/span><\/p>\n<p><span style=\"color: #008080; font-family: Book Antiqua, Palatino; font-size: 14pt;\">Die j\u00e4hrliche Pflichtfortbildung berechtigt zur weiteren Aus\u00fcbung Ihrer T\u00e4tigkeit als Betreuungskraft.<\/span><\/p>\n<p><span style=\"color: #008080; font-family: Book Antiqua, Palatino; font-size: 14pt;\"> <\/span><\/p>\n<p><span style=\"color: #008080; font-family: Book Antiqua, Palatino; font-size: 14pt;\">Vom 19. August 2008, mit Beschluss vom 21. Oktober 2022\u201c letztmalig ge\u00e4ndert, m\u00fcssen sich Betreuungskr\u00e4fte in der station\u00e4ren Bereich j\u00e4hrlich f\u00fcr 16 Stunden fortbilden. Unsere Workshops sind stets aktuell und beruhen auf den neuesten gesetzlichen Vorgaben.<\/span><\/p>\n<p><span style=\"color: #008080; font-family: Book Antiqua, Palatino; font-size: 14pt;\"><\/span><\/p>\n<p><span style=\"color: #008080; font-family: Book Antiqua, Palatino; font-size: 14pt;\">Warum bieten wir keine online Schulung an?<\/span><\/p>\n<p><span style=\"color: #008080; font-family: Book Antiqua, Palatino; font-size: 14pt;\">In der Betreuung wird mit viel Empathie und Fachwissen gearbeitet, dabei kommen auch viele Materialien von Bewegung, Erinnerungsarbeit, Hilfsmittel verschiedenster Art, Spiele und viele weitere Besch\u00e4ftigungsmaterialien zum Einsatz, die je nach Thema bei uns vor Ort immer auf dem neusten Stand sind und ausprobiert weden k\u00f6nnen ob sich eine Anschaffung bzw. Eignung f\u00fcr das jeweilige Klientel sinnvoll ist.<\/span><\/p>\n<p><span style=\"color: #008080; font-family: Book Antiqua, Palatino; font-size: 14pt;\">Das wichtigste ist der Gemeinsame Austausch der Teilnehmer \u00fcber Theorie und vor allem den Praxisalltrag vor Ort.<\/span><\/p>\n<p><span style=\"color: #008080; font-family: Book Antiqua, Palatino; font-size: 14pt;\"><\/span><\/p>\n<p class=\"has-luminous-vivid-amber-color has-text-color has-link-color wp-elements-3b7332faf6c4b5e1306e8731fc0dde96\"><span style=\"color: #008080; font-family: Book Antiqua, Palatino; font-size: 14pt;\">Inhaltlich greifen die Workshops aktuelle Tendenzen in der Betreuung und interessante Themen f\u00fcr die pers\u00f6nliche Weiterbildung auf. Die Pflichtfortbildung zeigt Ihnen, wie Sie Alltagssituationen in der Altenpflege, gemeinsam mit Pflegekr\u00e4ften und Mitarbeitenden der Hauswirtschaft reflektieren umsetzen k\u00f6nnen und Konflikte besser l\u00f6sen k\u00f6nnen.<br \/><br \/><\/span><\/p>\n<p><span style=\"color: #008080; font-family: Book Antiqua, Palatino; font-size: 14pt;\"> <\/span><\/p>\n<p><span style=\"color: #008080; font-family: Book Antiqua, Palatino; font-size: 14pt;\">Eure Iris Junghans<\/span><\/p>\n<p><\/p>\n\n\n<p><\/p>\n\n\n\n<p><\/p>\n","protected":false},"excerpt":{"rendered":"<p>Liebe Seniorinnen und Senioren, liebe Angeh\u00f6rige, &nbsp; Moin,moin, mein Name ist Iris Junghans und ich bin freie Dozentin mit dem Hauptschwerpunkt Pflichtfortbildungen und Workshops f\u00fcr Betreuungs- und Pflegekr\u00e4fte, Gem\u00e4\u00df den \u201eRichtlinien nach \u00a7 53b SGB XI ehemals \u00a743b, zur Qualifikation und zu den Aufgaben von zus\u00e4tzlichen Betreuungskr\u00e4ften in station\u00e4ren Pflegeeinrichtungen. Ich selber, habe eine Pflege-&hellip;<\/p>\n","protected":false},"author":1,"featured_media":0,"parent":0,"menu_order":0,"comment_status":"closed","ping_status":"closed","template":"","meta":{"footnotes":""},"class_list":["post-48","page","type-page","status-publish","hentry"],"_links":{"self":[{"href":"https:\/\/schmetterlinge-im-kopf.net\/index.php?rest_route=\/wp\/v2\/pages\/48","targetHints":{"allow":["GET"]}}],"collection":[{"href":"https:\/\/schmetterlinge-im-kopf.net\/index.php?rest_route=\/wp\/v2\/pages"}],"about":[{"href":"https:\/\/schmetterlinge-im-kopf.net\/index.php?rest_route=\/wp\/v2\/types\/page"}],"author":[{"embeddable":true,"href":"https:\/\/schmetterlinge-im-kopf.net\/index.php?rest_route=\/wp\/v2\/users\/1"}],"replies":[{"embeddable":true,"href":"https:\/\/schmetterlinge-im-kopf.net\/index.php?rest_route=%2Fwp%2Fv2%2Fcomments&post=48"}],"version-history":[{"count":48,"href":"https:\/\/schmetterlinge-im-kopf.net\/index.php?rest_route=\/wp\/v2\/pages\/48\/revisions"}],"predecessor-version":[{"id":827,"href":"https:\/\/schmetterlinge-im-kopf.net\/index.php?rest_route=\/wp\/v2\/pages\/48\/revisions\/827"}],"wp:attachment":[{"href":"https:\/\/schmetterlinge-im-kopf.net\/index.php?rest_route=%2Fwp%2Fv2%2Fmedia&parent=48"}],"curies":[{"name":"wp","href":"https:\/\/api.w.org\/{rel}","templated":true}]}}